 b + 3*d - 37 + 10 = 0. What is the highest common factor of o and b?
4
Let u(i) = -i**3 - 2*i**2 - 7*i - 5. Suppose 3*l - 15 = -2*l. Let q = -7 + l. Let w be u(q). What is the greatest common factor of w and 5?
5
Suppose 24*z + 19*z = 1806. What is the greatest common divisor of 273 and z?
21
Suppose 1018 = 10*q - 1292. Let a be 6/21 + (-78)/(-21). Suppose -4*d + 2*s + 0*s = -308, a*s = -3*d + q. What is the highest common factor of 7 and d?
7
Suppose -3*a = 4*n - a - 96, 3*a = 5*n - 131. Let y = 331 - 186. Suppose -y - 105 = -2*c. What is the greatest common factor of c and n?
25
Let d(s) = -210*s**2 - 3*s + 4. Let c be d(1). Let w = -137 - c. What is the greatest common divisor of 9 and w?
9
Let p = 16 + 32. Suppose 3*q + 498 = p. Let c = 240 + q. Calculate the greatest common divisor of c and 10.
10
Let u(r) = -r**2 + 14*r + 6. Let l be (-14)/(-21)*33/2. Let d = 25 - l. Let o be u(d). Calculate the greatest common factor of o and 9.
3
Suppose 39 = 11*u - 60. Suppose 103 = -0*n + 3*n + a, 0 = 3*n - a - 113. Calculate the highest common divisor of n and u.
9
Let q = 43 + -33. Let r(f) = -f**2 + 13*f - 10. Let d be r(q). Calculate the highest common divisor of 160 and d.
20
Let a = -37 - -38. Let v be a*(-4 - -11 - -5). Calculate the highest common divisor of 216 and v.
12
Let m be (336/49)/(12/126). Calculate the highest common factor of 192 and m.
24
Let u(v) = v**3 + v**2 + v. Let b be u(0). Suppose b = 5*q - 3*q - 4. Suppose 13 = -q*p + 125. What is the highest common divisor of 8 and p?
8
Suppose 27*x - 15*x = 1440. What is the greatest common divisor of x and 15?
15
Suppose -91*m + 84*m + 1484 = 0. Calculate the greatest common divisor of 159 and m.
53
Let u be ((-16)/10)/(11/(-275)). Suppose 4*i - 256 = 4*t, -80 = -i - 0*i + 5*t. Calculate the highest common divisor of u and i.
20
Let v = 20 + 0. Suppose v = 2*j - 4*j. Let q = -1 - j. Calculate the greatest common divisor of q and 18.
9
Suppose -13 = -y - 8. Suppose i - y*i + n - 21 = 0, 3*n - 19 = i. Let q(x) = -x**2 - 5*x + 3. Let c be q(i). Calculate the highest common divisor of c and 7.
7
Suppose -z = 4*z - 5. Let x be (z - -1) + (-13 - -13). Calculate the greatest common factor of x and 14.
2
Let r be (40 - (6 - 4)) + -3. Suppose 3*q = -0*q - o, 4*q - 7 = o. Let t be -1*(-8 + q)/1. Calculate the greatest common factor of r and t.
7
Let t(i) = -2*i**3 - 5*i**2 - 2*i - 4. Let q be t(-4). Let c = 996 - 992. What is the highest common divisor of q and c?
4
Suppose 0 = -353*p + 354*p - 406. What is the greatest common divisor of 42 and p?
14
Let j be (-68)/(-18) + 2/9. Suppose -j*c + 436 = -c - 5*k, 628 = 4*c + 5*k. Suppose -11*m = -7*m - c. What is the greatest common divisor of 19 and m?
19
Suppose 1759 - 994 = 5*b. Calculate the greatest common divisor of b and 18.
9
Suppose 9*r = -566 - 505. Let d = r + 123. What is the highest common factor of d and 4?
4
Suppose 10*g = 4*g + 480. Calculate the greatest common divisor of g and 340.
20
Let a be ((-18)/10)/(6*(-4)/80). Let r be (-8)/10*(a - (38 + -2)). Calculate the highest common factor of 84 and r.
12
Let a = -173 - -308. Let d(w) = -w**2 - 7*w - 1. Let o be d(-5). Let c = o - -6. Calculate the greatest common divisor of c and a.
15
Let f be 848/24 - (80/15)/(-8). What is the greatest common divisor of f and 774?
18
Let f = -11 - -19. Let g be 4/(f/5)*2. Let r be (g - 2)*(3 + 0). Calculate the highest common factor of 18 and r.
9
Let i = -105 + 123. Calculate the highest common divisor of i and 6.
6
Suppose 3*y + 4*d - 18 = 0, 2*y + 0*y + 8 = 4*d. Suppose k - 5*s + y = -k, 4*k - 3*s = 24. Calculate the greatest common divisor of k and 63.
9
Let h(r) be the first derivative of -r**4/2 - 10*r**3/3 - 2*r**2 - 7*r - 4. Let j be h(-7). What is the greatest common divisor of 31 and j?
31
Suppose -71*p + 66*p + 210 = 0. What is the highest common divisor of 210 and p?
42
Suppose -7 = -4*b + 5. Suppose 4*m - 264 = -8*m. Suppose 5 = b*w - m. Calculate the highest common factor of w and 63.
9
Suppose 3*b = 5*q - 55, 13*q = 17*q - 3*b - 44. Let x be (-121)/2*(3 - 5). Calculate the highest common divisor of x and q.
11
Suppose 0 = -2*s - 3*s + 85. Let k be 199/5 - 1 - s/(-85). What is the highest common divisor of 156 and k?
39
Suppose 21 - 141 = -40*s. Let c be (-1)/(-1 + (-8)/(-10)). Suppose -13 = 3*n + 5*u + 4, -c*n - 4*u - 11 = 0. What is the highest common factor of n and s?
1
Let z(h) = 4*h - 102 + 124 + 2*h**2 + 7*h - 3*h. Let s be z(-4). What is the greatest common divisor of 2 and s?
2
Let o be 2 + 21*((-162)/21)/(-3). Let r = 10 + 4. Calculate the highest common divisor of o and r.
14
Suppose -6 = 12*k - 30. Suppose b + 5*d = k*d, -4*b + d + 65 = 0. Calculate the greatest common divisor of b and 3.
3
Let r = 43 - 19. Let c = 12 + 3. Let p be 118/14 - c/35. Calculate the highest common factor of r and p.
8
Let s(m) = -42*m**2 + 2*m + 2. Let z be s(-1). Let b = -30 - z. What is the greatest common factor of 4 and b?
4
Suppose 0*i - 3*i - y = 7, 3*i = 2*y - 22. Let r(a) = -a**3 - a**2 + 5*a + 4. Let h be r(-3). Let j = i + h. Calculate the highest common factor of 33 and j.
3
Let g(z) = -z**2 + 26*z + 23. Let i be g(20). Calculate the highest common factor of i and 39.
13
Let d be (-95)/(-38)*8/5. Suppose -d*g - 140 = -5*g. Suppose -3*p = 5*t - 66 - 109, 4*t + 4*p - g = 0. Calculate the highest common factor of 35 and t.
35
Suppose -5*v + 0*v = -100. Suppose -1816 = -9*p - 196. Calculate the highest common factor of p and v.
20
Suppose -902*f + 630 = -896*f. What is the greatest common divisor of 420 and f?
105
Let f(i) = 20*i + 3. Let r be f(3). Let n be (42/15)/(((-16)/(-10))/4). What is the greatest common factor of n and r?
7
Let k(v) = -2*v + 15. Let c be k(5). Suppose 6*m - 2*m - 44 = -b, -91 = -2*b - c*m. What is the highest common factor of 72 and b?
24
Let x be 8/(-116) - (-174980)/754. Calculate the greatest common divisor of x and 406.
58
Suppose 15 + 17 = 8*b. Calculate the highest common factor of 10 and b.
2
Let t be -4 - ((-6)/3 + -53). Let y = t - 15. Suppose 2*c - 12 = -2*c, 3*c = 3*j - 63. Calculate the greatest common divisor of j and y.
12
Let b(w) = -w**2 + 3 - w**2 + w**3 + 8*w - 5*w**2. Let k be b(6). Let t = k - 5. Calculate the greatest common factor of 10 and t.
10
Let k be 3 + (-2 + 6)/((-6)/87). Let c be (-102 + 2)*22/k. What is the highest common divisor of c and 8?
8
Let v = 2712 + -2358. What is the highest common factor of 18 and v?
6
Suppose -l + 16279 = 5*w, 16*l - 8 = 14*l. Calculate the greatest common divisor of 105 and w.
105
Let p = -54 - -76. Let x(n) = -4*n**3 - 4*n**2 - 12 + 7 - 7*n + 3*n**3. Let d be x(-5). What is the greatest common factor of d and p?
11
Let k(m) = -m**2 + 37*m - 201. Let n be k(29). Calculate the highest common factor of 62 and n.
31
Suppose -3*i - i + 2432 = 0. Suppose 5*y = -0*y - z + i, -2*z + 6 = 0. Calculate the greatest common divisor of y and 11.
11
Suppose 8*n - 629 = -165. What is the greatest common factor of n and 1102?
58
Suppose -f = 2*t - 1257, -4*f - 391 + 2899 = 4*t. What is the greatest common factor of 135 and t?
45
Suppose -35 = -2*j - 17. Let y be 246/14 + j/21. Calculate the highest common factor of 12 and y.
6
Suppose -4*p + u = -9*p + 34, -26 = -p - 5*u. Let y(g) = -g**3 - 20*g**2 - 38*g. Let j be y(-18). What is the highest common divisor of j and p?
6
Let m be 77 - -18 - 1*(-2 + 1). Calculate the greatest common divisor of 6 and m.
6
Let x = 20 - 26. Let w be 110/6 + x/18. Let c = 116 - -28. What is the greatest common divisor of w and c?
18
Suppose 4*w = 5*j + 6, -5*w + j + 0 = 3. Let q be (0 - 20/w)*2. Let c be ((-224)/q)/((-2)/5). Calculate the greatest common divisor of 28 and c.
14
Let v(s) be the second derivative of s**5/20 + 3*s**4/4 - 13*s**3/6 - 12*s**2 - 5*s. Let k be v(-10). What is the greatest common factor of 66 and k?
6
Let b be (7/21)/(4*3/792). Calculate the highest common factor of 352 and b.
22
Suppose -3*u - 2*u + 80 = 0. Suppose -36*z + 38*z = -4*o + 16, 0 = -4*o. What is the highest common factor of u and z?
8
Let r(i) = 2*i**2 + 30*i + 91. Let d be r(-13). What is the highest common factor of 27 and d?
3
Suppose 105*s = 101*s + 156. Suppose 5*m = 36 + 29. What is the greatest common divisor of m and s?
13
Let d = -8 - -2